t common divisor of 1 and z.
1
Let s = 159 - -202. Let t = s + -207. What is the greatest common factor of 22 and t?
22
Let t(k) = -k**2 + 7*k + 38. Let w be t(0). Calculate the greatest common factor of w and 589.
19
Let w be (-16 + 12)/((-555)/(-186) - 3). Suppose y - 4*t = 43, 4*y - 7*t + 2*t = 139. What is the greatest common factor of w and y?
31
Let g = -58 - -76. Let m be 158/6 + 12/g. Calculate the greatest common factor of m and 3.
3
Suppose v = -4*j + 66, -j - 85 = -2*v + 38. Let r = v - -8. Calculate the highest common factor of r and 10.
10
Let s = 16 + 9. Suppose 2*j - 16 = -5*o + 14, -60 = -4*j + 4*o. Calculate the greatest common divisor of s and j.
5
Let g be -1*(13/3)/(16/(-48)). Let n be (15/9)/((-2)/138). Let t = 232 + n. Calculate the greatest common factor of t and g.
13
Let z be 38/(-57) - (-1)/((-3)/(-38)). Let r(s) = s**2 - s - 27. Let c be r(z). Calculate the greatest common factor of 42 and c.
21
Suppose 0 = 2*d - 9 - 5. Let i(o) = o**3 - 7*o**2 + 4*o - 8. Let s be i(d). Calculate the greatest common factor of s and 10.
10
Let g(m) = -5 - 11 + 39 - 3 - 17*m. Let a be g(-4). What is the greatest common divisor of 11 and a?
11
Let x = -222 - -398. What is the highest common divisor of x and 143?
11
Let z(g) = 2*g - 3. Let x be z(3). Let a be (x + -2)/(3/3). Suppose -w = 4*u + 19, -3 = -3*w + u + 5. What is the greatest common divisor of w and a?
1
Let b be 93/12 + 2/8. Suppose -2*q = -0*q + i + 13, 3*q - 2*i + 2 = 0. Let p be -1 - q - (6 - b). What is the highest common factor of p and 35?
5
Suppose -2*t = 3*t - 70. Let o = -12 + t. Suppose -3*g + 40 = -z, o*g + z + 2 - 32 = 0. Calculate the highest common factor of 21 and g.
7
Let c = -212 - -252. Let l be 14/21*((-1 - -12) + 1). Calculate the highest common divisor of l and c.
8
Let d be (-2 - -7)*(-12)/(-10). Let o(x) = -x**3 + 7*x**2 - 2*x + 5. Let m be o(d). Suppose -2*s + m + 55 = 0. What is the greatest common divisor of 63 and s?
21
Suppose -2*c + 238 = 3*u, -u + 2*c - 82 = -2*u. What is the greatest common factor of 195 and u?
39
Let d(i) = 4*i - 86. Let n be d(23). What is the greatest common factor of n and 54?
6
Suppose 5*k + 4*d - 32 = 0, -16 = -5*k + d + 1. Let s be 2/(-1 + 50/48). Suppose w - k*w = -s. What is the greatest common factor of w and 64?
16
Suppose 2*j = q + 7, 13 = 5*j - 3*q - 3. Let b be -2 + 0 + (-16)/(-2). Let t = 11 - b. What is the highest common factor of t and j?
5
Let j = -7 + 19. Calculate the greatest common factor of 30 and j.
6
Let z(j) = 8*j + 14. Let s be z(-5). Let b = s - -35. Calculate the highest common divisor of b and 90.
9
Let h(l) = -102*l + 4. Let p be h(-4). Suppose 8*b - p = 6*b. Let n = b - 91. Calculate the greatest common divisor of 23 and n.
23
Let g(t) = -t**2 - 12*t - 8 + 40*t - 14*t. Let b be g(13). What is the greatest common factor of 45 and b?
5
Let k be (32/56)/((-2)/(-14)). Suppose -2*t = -k*t + 6. Calculate the highest common divisor of 9 and t.
3
Let i = -52 - -78. Let r be (2 - -1) + 1 + -2. Suppose s - r*s - 16 = -d, -d + 19 = -2*s. Calculate the greatest common factor of d and i.
13
Suppose 3 = k - g, k + 3 = 2*g + 4. Suppose -2*a = 3*a + k, 5*q + 2*a - 118 = 0. What is the greatest common divisor of q and 3?
3
Suppose -4*a - 2*p + 2355 = -p, 4*a - 3*p = 2359. Calculate the highest common factor of a and 31.
31
Suppose 3*z + 30 = -2*h + 9, 2*z + 3*h + 14 = 0. Let v be 207 + -6 + (-4 - z). Let g = v + -20. Calculate the highest common divisor of 23 and g.
23
Suppose 5*q + 5*a = 220, a = q + 18 - 54. Let t be (16/20)/(33/30 + -1). Calculate the greatest common factor of t and q.
8
Let k(f) = -3*f + 3. Let j be k(13). Let z be (j/8)/(1 + (-69)/66). Calculate the highest common divisor of 11 and z.
11
Let t be ((-2074)/366)/(((-4)/(-6))/(-2)). What is the greatest common factor of t and 493?
17
Let g(o) = o**3 - 10*o**2 + 14*o - 12. Let a be g(9). Calculate the greatest common factor of 891 and a.
33
Let u(o) = o**2 - 14*o + 59. Let l be u(8). Calculate the greatest common divisor of l and 2.
1
Let d be ((-324)/(-72))/(1 - 17/18). Calculate the highest common factor of d and 90.
9
Let n(p) = -6*p + 11. Let j be -2*(4 + (-6)/4). Let u be n(j). Calculate the greatest common divisor of u and 451.
41
Suppose -44 = -3*v + 91. Suppose 36 = -2*q + l, -3*q + 2*l + 2*l - 59 = 0. Let a = q + 35. What is the greatest common factor of v and a?
9
Suppose -5*z - 25 = 0, 4*g + 10*z - 5*z = -25. Suppose g = 8*y - 5*y - 300. Calculate the highest common factor of y and 25.
25
Suppose -4410 = -142*x + 44*x. Calculate the greatest common divisor of x and 153.
9
Let p be 216/(-162) + (-264)/(-9). What is the highest common factor of p and 476?
28
Suppose 71 = 6*m - 487. Suppose -u + 35 = w, w + 3*w = 3*u + 112. Calculate the greatest common factor of w and m.
31
Suppose 20 = 4*n, -5*n + 234 = 2*i - 79. Suppose -4*c + 58 = -6. Calculate the greatest common factor of c and i.
16
Let g(a) = a + 7. Let t be g(3). Let k = 12 - t. Calculate the greatest common divisor of k and 2.
2
Let p = -2503 + 2605. What is the highest common divisor of p and 4?
2
Let k be (-22305)/(-135) + 2/(-9). Suppose 3*n + 2*q - 5*q = k, -5*n + q = -255. Calculate the highest common factor of 10 and n.
10
Let h(c) = c**3 + 7*c**2 + 10*c + 28. Let k be h(-4). Calculate the highest common divisor of 52 and k.
4
Let i(q) = q - 1. Let s be i(9). Let l(y) = y**2 + y - 6. Let z be l(-5). Let d be (-4)/(-2) + 0 + z. Calculate the highest common divisor of s and d.
8
Let j be (21/7 - -36)/(6/8). Calculate the greatest common factor of j and 16.
4
Suppose 727 = -6*c + 763. What is the highest common factor of c and 81?
3
Suppose 2 = 2*o - 0*o. Let k be (67 + o)*(-8)/32*-2. Calculate the highest common factor of k and 34.
34
Let t = -359 + 716. What is the greatest common factor of t and 84?
21
Suppose m = -2*l + 6, 5*l - m + 3 = 18. Suppose 2*d = -2*d + 2*y + 8, -l*d = 5*y - 6. Let t be (-2)/(-4) + 9/d. Calculate the highest common factor of t and 20.
5
Let j(c) = 2*c**3 - 5*c**2 + 5*c - 4. Let u be j(3). Let w(l) = 34*l + 10. Let m be w(5). Calculate the greatest common divisor of m and u.
20
Let f(t) = 24*t + 1. Let n be f(0). Calculate the highest common divisor of 8 and n.
1
Suppose -44 = -4*l - s, -l = s + 4*s - 11. Suppose -7*x + 5*p - 64 = -11*x, -31 = -x - 5*p. Calculate the greatest common factor of l and x.
11
Suppose 4*s + 4*g - 3472 = 2*g, -g = 3*s - 2604. What is the highest common divisor of s and 14?
14
Let g = 35 - 24. Let p(m) = 2*m - 18. Let o be p(9). Let y(h) = -h**2 - h + 33. Let s be y(o). What is the highest common divisor of s and g?
11
Suppose -5*z + 2745 = 5*g - 10*z, -1661 = -3*g - 4*z. Calculate the greatest common factor of g and 19.
19
Suppose -14*f + 5670 = -9*f - 2*y, 3*f = -2*y + 3402. What is the highest common divisor of f and 14?
14
Let m(y) = 3*y - 11. Let s be m(3). Let c(q) = -31*q**3 - q**2 + 1. Let x be c(s). What is the greatest common factor of 35 and x?
35
Suppose -162 = -6*u + 228. What is the highest common divisor of u and 39?
13
Let m(n) = -24*n - 424. Let l be m(-20). What is the greatest common factor of 84 and l?
28
Suppose -8*c = -7*c + y - 12, 0 = -2*c - 5*y + 24. Let g(t) = -8*t - t**2 + t - 4 - 3*t. Let d be g(-8). What is the highest common factor of c and d?
12
Let s be (-69464)/(-52) + (-20)/(-130). Calculate the highest common divisor of s and 8.
8
Let n = 36 + -6. Let p be -2*1/(-2) + 5. Calculate the greatest common factor of n and p.
6
Suppose 3*u + 3*w + 6 = -w, -5*u = w - 7. Let i be 5 - u - (1 + -3). Suppose -5*k + 35 = t, -2*t - k = -i*k. What is the greatest common divisor of t and 90?
10
Let b = 28 - 16. Let o be (5/(-10))/((-2)/b). Suppose 3*x - 4*x = -o*a - 51, 0 = -3*x - 4*a + 101. What is the highest common divisor of 13 and x?
13
Let t be (-159)/(-4) + 3/12. Let d = 62 - t. Suppose 4*w + o - 62 = 0, -3*w - 5*o = -33 - d. What is the greatest common divisor of 10 and w?
5
Let s = 308 + -240. Let k be 3/3 + 1*16. Calculate the greatest common divisor of k and s.
17
Let h be (1 - 0) + (-39)/3. Let v(k) = -k**3 + 6*k**2 + 7*k - 3. Let c be v(7). Let r be (-2)/c + (-172)/h. Calculate the highest common factor of 105 and r.
15
Suppose 250 - 40 = 5*h. What is the greatest common divisor of 30 